{"id":1330,"date":"2025-11-11T08:55:04","date_gmt":"2025-11-11T06:55:04","guid":{"rendered":"https:\/\/www.koeru.edu.ee\/kaljulepik\/?page_id=1330"},"modified":"2025-11-11T08:55:04","modified_gmt":"2025-11-11T06:55:04","slug":"xxiii-kalju-lepiku-luulevoistlus-2025","status":"publish","type":"page","link":"https:\/\/www.koeru.edu.ee\/kaljulepik\/xxiii-kalju-lepiku-luulevoistlus-2025\/","title":{"rendered":"XXIII Kalju Lepiku luulev\u00f5istlus 2025"},"content":{"rendered":"\n<p><strong>11. oktoobril 2025<\/strong><\/p>\n\n\n\n<p>Kalju Lepiku luulev\u00f5istlus toimus juba 23ndat korda, traditsiooniliselt Koerus Aruk\u00fcla m\u00f5isa saalis.<\/p>\n\n\n\n<p>Oli imekena ja meeleolukas p\u00e4ev! Kalju Lepiku luulev\u00f5istlus ongi selline armas, soe, kodune ja r\u00f5\u00f5mus olemine! Osalejaid oli kohale tulnud 34 \u2013 T\u00fcrilt ja Viimsist, J\u00fcrist ja Viljandist, Tallinnast ja V\u00e4\u00e4tsalt, Padest ja Amblast, Koerust ka. Luulev\u00f5istluse k\u00fclaline oli armastatud luuletataja Veronika Kivisilla.<\/p>\n\n\n\n<h3 class=\"wp-block-heading\"><strong>&nbsp;<\/strong><\/h3>\n\n\n\n<h3 class=\"wp-block-heading\"><strong>Z\u00fcrii koosseisus<\/strong><\/h3>\n\n\n\n<p>VERONIKA KIVISILLA \u2013 luuletaja, \u00f5pikute, laulikute ja s\u00f5naraamatute koostaja<br>JAANUS VAIKSOO \u2013 luuletaja, eesti kirjandusteadlane, \u00f5petaja, lastekirjanik<br>ELERI KANG \u2013 J\u00e4rva Vallaraamatukogu direktor<br>J\u00dcRI KAUGERAND \u2013 Koeru Keskkooli eesti keele ja kirjanduse \u00f5petaja<br>TRIIN AASA \u2013 Tartu \u00dclikooli keeleteaduse nooremteadur andis v\u00e4lja j\u00e4rgmised preemiad:<br><br><\/p>\n\n\n\n<h3 class=\"wp-block-heading\"><strong>P\u00d5HIKOOL<\/strong><\/h3>\n\n\n\n<h3 class=\"wp-block-heading\"><strong>I koht <\/strong>RONJA REEMANN \u2013 Viljandi Kesklinna Kool, 9.b klass, \u00f5petaja K\u00fclliki Asu<br><strong>II koht<\/strong> EMMA-MIIA MEIKOP \u2013 Paide Hammerbecki P\u00f5hikool, \u00f5petaja Maris Raudsepp<br><strong>III koht<\/strong> KEITI-LISANNE MAALMEISTER \u2013 Viljandi Kesklinna Kool, 9.b klass, \u00f5petaja K\u00fclliki Asu<br><strong>Raamatu aasta eripreemia<\/strong> EMILI TEESALU \u2013 T\u00fcri P\u00f5hikool, 9.b klass, \u00f5petaja Anneli Talviste<\/h3>\n\n\n\n<p><strong>Tulevikulootuse eripreemia<\/strong> ANNABEL KINSIVER \u2013 T\u00fcri P\u00f5hikooli 6.b klass, \u00f5petaja Anneli Talviste<\/p>\n\n\n\n<p><strong>G\u00dcMNAASIUM<\/strong><\/p>\n\n\n\n<h3 class=\"wp-block-heading\"><strong>I koht<\/strong> MIRT TIIGISOON \u2013 Viimsi G\u00fcmnaasium, 12. klass, \u00f5petaja K\u00fclli T\u00e4ht<\/h3>\n\n\n\n<p><strong>II koht <\/strong>SANDER ROBIN RAST \u2013 Viimsi G\u00fcmnaasium, 11. klass, \u00f5petaja K\u00fclli T\u00e4ht<\/p>\n\n\n\n<p><strong>III koht <\/strong>MARIA KALBUS \u2013 Tallinna 32. Keskkool, 11.d klass, \u00f5petaja Eva Kalbus<\/p>\n\n\n\n<p><strong>Eripreemia hea esituse ja kauni \u00e4ngi eest <\/strong>KADRI TOOMSALU \u2013&nbsp; Viimsi G\u00fcmnaasium, 12. klass, \u00f5petaja K\u00fclli T\u00e4ht<\/p>\n\n\n\n<p><strong>Kalju Lepiku eripreemia <\/strong>BIBI LOORE PILIPENKO \u2013 Paide G\u00fcmnaasium, 11. klass, juhendaja Aili Avi<\/p>\n\n\n\n<p><strong>Koeru Keskkooli preemia <\/strong>SANDER ROBIN RAST \u2013 Viimsi G\u00fcmnaasium, 11. klass, \u00f5petaja K\u00fclli T\u00e4ht<\/p>\n\n\n\n<p><strong>Publiku lemmik<\/strong> MIRT TIIGISOON \u2013 Viimsi G\u00fcmnaasium, 12. klass, \u00f5petaja K\u00fclli T\u00e4ht<\/p>\n\n\n\n<h3 class=\"wp-block-heading\"><strong>&nbsp;<\/strong><\/h3>\n\n\n\n<h3 class=\"wp-block-heading\"><strong>T\u00c4ISKASVANUD<\/strong><\/h3>\n\n\n\n<p><strong>I koht <\/strong>VIRGI OJAP \u2013 Viljandi vald<\/p>\n\n\n\n<p><strong>II koht<\/strong> TAIVO J\u00dcRJO<strong> \u2013 <\/strong>J\u00fcri<\/p>\n\n\n\n<p><strong>III koht<\/strong> INDREK KALBUS \u2013 Tallinn<\/p>\n\n\n\n<p><strong>P\u00fchendusluule eripreemia<\/strong> AILI AVI \u2013 T\u00fcri<\/p>\n\n\n\n<p><strong>Koeru raamatukogu preemia, hea luule ja hea esitus<\/strong> RAIT PILIPENKO \u2013 V\u00e4\u00e4tsa<\/p>\n\n\n\n<p>Ait\u00e4h, toetajatele: Kalju Lepiku perekond, Eesti Kultuurkapitali kirjanduse sihtkapital, Eesti Kultuurkapitali J\u00e4rvamaa ekspertgrupp, J\u00e4rva vald.<\/p>\n\n\n\n<p>Ait\u00e4h, koost\u00f6\u00f6 eest: Koeru Keskkool, Koeru Muusikakool, Koeru Raamatukogu, Koeru Keskkooli Daily s\u00f6\u00f6kla, J\u00e4rva Teenused.<\/p>\n","protected":false},"excerpt":{"rendered":"<p>11. oktoobril 2025 Kalju Lepiku luulev\u00f5istlus toimus juba 23ndat korda, traditsiooniliselt Koerus Aruk\u00fcla m\u00f5isa saalis. Oli imekena ja meeleolukas p\u00e4ev! Kalju Lepiku luulev\u00f5istlus ongi selline armas, soe, kodune ja r\u00f5\u00f5mus olemine! Osalejaid oli kohale tulnud 34 \u2013 T\u00fcrilt ja Viimsist, &hellip; <a href=\"https:\/\/www.koeru.edu.ee\/kaljulepik\/xxiii-kalju-lepiku-luulevoistlus-2025\/\">J\u00e4tka lugemist <span class=\"meta-nav\">&rarr;<\/span><\/a><\/p>\n","protected":false},"author":1,"featured_media":0,"parent":0,"menu_order":0,"comment_status":"closed","ping_status":"closed","template":"","meta":{"footnotes":""},"class_list":["post-1330","page","type-page","status-publish","hentry"],"_links":{"self":[{"href":"https:\/\/www.koeru.edu.ee\/kaljulepik\/wp-json\/wp\/v2\/pages\/1330","targetHints":{"allow":["GET"]}}],"collection":[{"href":"https:\/\/www.koeru.edu.ee\/kaljulepik\/wp-json\/wp\/v2\/pages"}],"about":[{"href":"https:\/\/www.koeru.edu.ee\/kaljulepik\/wp-json\/wp\/v2\/types\/page"}],"author":[{"embeddable":true,"href":"https:\/\/www.koeru.edu.ee\/kaljulepik\/wp-json\/wp\/v2\/users\/1"}],"replies":[{"embeddable":true,"href":"https:\/\/www.koeru.edu.ee\/kaljulepik\/wp-json\/wp\/v2\/comments?post=1330"}],"version-history":[{"count":1,"href":"https:\/\/www.koeru.edu.ee\/kaljulepik\/wp-json\/wp\/v2\/pages\/1330\/revisions"}],"predecessor-version":[{"id":1332,"href":"https:\/\/www.koeru.edu.ee\/kaljulepik\/wp-json\/wp\/v2\/pages\/1330\/revisions\/1332"}],"wp:attachment":[{"href":"https:\/\/www.koeru.edu.ee\/kaljulepik\/wp-json\/wp\/v2\/media?parent=1330"}],"curies":[{"name":"wp","href":"https:\/\/api.w.org\/{rel}","templated":true}]}}