{"id":1294,"date":"2023-09-13T19:56:13","date_gmt":"2023-09-13T16:56:13","guid":{"rendered":"https:\/\/www.koeru.edu.ee\/kaljulepik\/?page_id=1294"},"modified":"2023-09-13T19:56:14","modified_gmt":"2023-09-13T16:56:14","slug":"xix-kalju-lepiku-luulevoistlus-2021","status":"publish","type":"page","link":"https:\/\/www.koeru.edu.ee\/kaljulepik\/xix-kalju-lepiku-luulevoistlus-2021\/","title":{"rendered":"XIX Kalju Lepiku luulev\u00f5istlus (2021)"},"content":{"rendered":"\n<p><br>9.10.2021 Koeru kultuurimajas<\/p>\n\n\n\n<p><br>\u017d\u00fcrii koosseisus Jaanus Vaiksoo, Tiina P\u00f5ldoja, Eve Grauberg ja J\u00fcri Kaugerand andsid v\u00e4lja<br>j\u00e4rgmised preemiad:<\/p>\n\n\n\n<p><br><strong>P\u00d5HIKOOL<\/strong><br>I koht Mirt M\u00e4ndoja \u2013 Heimtali P\u00f5hikool<br>II koht Emili Teesalu \u2013 T\u00fcri P\u00f5hikool<br>III koht Madar M\u00e4ndoja \u2013 Heimtali P\u00f5hikool<br>IV koht Koeru Apteegi preemia Eliise Kolsar \u2013 Miina H\u00e4rma G\u00fcmnaasium<br>Eripreemia Eesti keelele p\u00fchendatud luuletuse eest Mari Roosme \u2013 T\u00fcri P\u00f5hikool<br>Eripreemia helged ja r\u00f5\u00f5msad lugulaulud Marta Suitsberg \u2013 T\u00fcri P\u00f5hikool<\/p>\n\n\n\n<p><br><strong>G\u00dcMNAASIUM<\/strong><br>I koht Anete P\u00f5ltsama \u2013 Tallinna 32. Keskkool<br>II koht Maris Koppel \u2013 Tallinna 32. Keskkool<br>III koht Triinu Kree \u2013 Viljandi G\u00fcmnaasium<br>IV koht Koeru Apteegi preemia Anete-Elisabeth Luukas \u2013 Tallinna 32. Keskkool<br>Eripreemia v\u00e4ljapaistva esituse eest Reijo Roos \u2013 Tallinna 32. Keskkool<br>Koeru raamatuklubi Vaimuvalgus eripreemia Elisabeth Heinsalu \u2013 Audentese e-g\u00fcmnaasium<\/p>\n\n\n\n<p><br><strong>T\u00c4ISKASVANUD<\/strong><br>I koht Markus Lehtsalu \u2013 Viljandi\/Saue<br>II koht Aili Avi \u2013 T\u00fcri<br>III koht Sigrid Sinnep \u2013 Ilmandu k\u00fcla, Harjumaa<br>IV koht Koeru Apteegi preemia Brita Siimon \u2013 J\u00fcri<\/p>\n\n\n\n<p><br>Koeru Keskkooli preemia Madar M\u00e4ndoja \u2013 Heimtali P\u00f5hikool<br>Publiku lemmik Markus Lehtsalu \u2013 Viljandi\/Saue<br>Koeru Kultuurimaja eripreemia Eva Kalbus &#8211; Hoole ja armastusega tehtud t\u00f6\u00f6 eest \u2013 Tallinn<br>Koeru Kultuurimaja eripreemia Taivo J\u00fcrjo &#8211; Silmapaistva ja j\u00e4rjekindla osalemise eest Kalju<br>Lepiku luulev\u00f5istlustel \u2013 Tartu<\/p>\n","protected":false},"excerpt":{"rendered":"<p>9.10.2021 Koeru kultuurimajas \u017d\u00fcrii koosseisus Jaanus Vaiksoo, Tiina P\u00f5ldoja, Eve Grauberg ja J\u00fcri Kaugerand andsid v\u00e4ljaj\u00e4rgmised preemiad: P\u00d5HIKOOLI koht Mirt M\u00e4ndoja \u2013 Heimtali P\u00f5hikoolII koht Emili Teesalu \u2013 T\u00fcri P\u00f5hikoolIII koht Madar M\u00e4ndoja \u2013 Heimtali P\u00f5hikoolIV koht Koeru Apteegi preemia &hellip; <a href=\"https:\/\/www.koeru.edu.ee\/kaljulepik\/xix-kalju-lepiku-luulevoistlus-2021\/\">J\u00e4tka lugemist <span class=\"meta-nav\">&rarr;<\/span><\/a><\/p>\n","protected":false},"author":1,"featured_media":0,"parent":0,"menu_order":0,"comment_status":"closed","ping_status":"closed","template":"","meta":{"footnotes":""},"class_list":["post-1294","page","type-page","status-publish","hentry"],"_links":{"self":[{"href":"https:\/\/www.koeru.edu.ee\/kaljulepik\/wp-json\/wp\/v2\/pages\/1294","targetHints":{"allow":["GET"]}}],"collection":[{"href":"https:\/\/www.koeru.edu.ee\/kaljulepik\/wp-json\/wp\/v2\/pages"}],"about":[{"href":"https:\/\/www.koeru.edu.ee\/kaljulepik\/wp-json\/wp\/v2\/types\/page"}],"author":[{"embeddable":true,"href":"https:\/\/www.koeru.edu.ee\/kaljulepik\/wp-json\/wp\/v2\/users\/1"}],"replies":[{"embeddable":true,"href":"https:\/\/www.koeru.edu.ee\/kaljulepik\/wp-json\/wp\/v2\/comments?post=1294"}],"version-history":[{"count":1,"href":"https:\/\/www.koeru.edu.ee\/kaljulepik\/wp-json\/wp\/v2\/pages\/1294\/revisions"}],"predecessor-version":[{"id":1296,"href":"https:\/\/www.koeru.edu.ee\/kaljulepik\/wp-json\/wp\/v2\/pages\/1294\/revisions\/1296"}],"wp:attachment":[{"href":"https:\/\/www.koeru.edu.ee\/kaljulepik\/wp-json\/wp\/v2\/media?parent=1294"}],"curies":[{"name":"wp","href":"https:\/\/api.w.org\/{rel}","templated":true}]}}

XIX Kalju Lepiku luulevõistlus (2021)

<p><br>9.10.2021 Koeru kultuurimajas</p>



<p><br>Žürii koosseisus Jaanus Vaiksoo, Tiina Põldoja, Eve Grauberg ja Jüri Kaugerand andsid välja<br>järgmised preemiad:</p>



<p><br><strong>PÕHIKOOL</strong><br>I koht Mirt Mändoja – Heimtali Põhikool<br>II koht Emili Teesalu – Türi Põhikool<br>III koht Madar Mändoja – Heimtali Põhikool<br>IV koht Koeru Apteegi preemia Eliise Kolsar – Miina Härma Gümnaasium<br>Eripreemia Eesti keelele pühendatud luuletuse eest Mari Roosme – Türi Põhikool<br>Eripreemia helged ja rõõmsad lugulaulud Marta Suitsberg – Türi Põhikool</p>



<p><br><strong>GÜMNAASIUM</strong><br>I koht Anete Põltsama – Tallinna 32. Keskkool<br>II koht Maris Koppel – Tallinna 32. Keskkool<br>III koht Triinu Kree – Viljandi Gümnaasium<br>IV koht Koeru Apteegi preemia Anete-Elisabeth Luukas – Tallinna 32. Keskkool<br>Eripreemia väljapaistva esituse eest Reijo Roos – Tallinna 32. Keskkool<br>Koeru raamatuklubi Vaimuvalgus eripreemia Elisabeth Heinsalu – Audentese e-gümnaasium</p>



<p><br><strong>TÄISKASVANUD</strong><br>I koht Markus Lehtsalu – Viljandi/Saue<br>II koht Aili Avi – Türi<br>III koht Sigrid Sinnep – Ilmandu küla, Harjumaa<br>IV koht Koeru Apteegi preemia Brita Siimon – Jüri</p>



<p><br>Koeru Keskkooli preemia Madar Mändoja – Heimtali Põhikool<br>Publiku lemmik Markus Lehtsalu – Viljandi/Saue<br>Koeru Kultuurimaja eripreemia Eva Kalbus &#8211; Hoole ja armastusega tehtud töö eest – Tallinn<br>Koeru Kultuurimaja eripreemia Taivo Jürjo &#8211; Silmapaistva ja järjekindla osalemise eest Kalju<br>Lepiku luulevõistlustel – Tartu</p>

<p>9.10.2021 Koeru kultuurimajas Žürii koosseisus Jaanus Vaiksoo, Tiina Põldoja, Eve Grauberg ja Jüri Kaugerand andsid väljajärgmised preemiad: PÕHIKOOLI koht Mirt Mändoja – Heimtali PõhikoolII koht Emili Teesalu – Türi PõhikoolIII koht Madar Mändoja – Heimtali PõhikoolIV koht Koeru Apteegi preemia &hellip; <a href="https://www.koeru.edu.ee/kaljulepik/xix-kalju-lepiku-luulevoistlus-2021/">Jätka lugemist <span class="meta-nav">&rarr;</span></a></p>
