{"id":1235,"date":"2019-10-07T19:01:28","date_gmt":"2019-10-07T16:01:28","guid":{"rendered":"http:\/\/www.koeru.edu.ee\/kaljulepik\/?page_id=1235"},"modified":"2019-10-09T09:57:01","modified_gmt":"2019-10-09T06:57:01","slug":"xvii-luulevoistlus-2019","status":"publish","type":"page","link":"https:\/\/www.koeru.edu.ee\/kaljulepik\/ajalugu\/xvii-luulevoistlus-2019\/","title":{"rendered":"XVII luulev\u00f5istlus (2019)"},"content":{"rendered":"\n<p><strong>17. Kalju Lepiku luulev\u00f5istlus<\/strong> <br>5. oktoobril 2019 Koerus Aruk\u00fcla m\u00f5isas <\/p>\n\n\n\n<p>Osalejaid 44 \u2013 p\u00f5hikool 14, g\u00fcmnaasium 20, t\u00e4iskasvanud 10<\/p>\n\n\n\n<p>Luulev\u00f5istluse tulemused:<\/p>\n\n\n\n<p>\u017d\u00fcrii koosseisus Jaanus Vaiksoo, Kaur Riismaa, Gertu Borodkina, Tiina P\u00f5ldoja, Malle Last ja J\u00fcri Kaugerand andsid v\u00e4lja j\u00e4rgmised preemiad:<\/p>\n\n\n\n<p><strong>P\u00d5HIKOOL<\/strong><br>I koht Triinu Kree \u2013 Viljandi Kesklinna Kool<br>II koht Maris Koppel \u2013 Tallinna 32. Keskkool<br>III koht Bibi Loore Pilipenko \u2013 V\u00e4\u00e4tsa P\u00f5hikool<br>Lepikliku luule eripreemia Mattias V\u00f5tti \u2013 T\u00fcri P\u00f5hikool<br>Sotsiaalse n\u00e4rvi eripreemia Iti-K\u00e4rt Nursi \u2013 V\u00e4\u00e4tsa P\u00f5hikooli<\/p>\n\n\n\n<p><strong>G\u00dcMNAASIUM<\/strong><br>I koht Liisa Veski \u2013 Viimsi G\u00fcmnaasium<br>II koht Liisa Ikla \u2013 Viljandi G\u00fcmnaasium<br>III koht Kirke Tuul \u2013 Vanalinna Hariduskolleegium<br>Lepikliku luule eripreemia Kerttu Saagpakk \u2013 Tallinna 32. Keskkool<br>Saleda stroofi eripreemia Anette P\u00e4rn \u2013 Vanalinna Hariduskolleegium<br>Sotsiaalse n\u00e4rvi eripreemia Teele Siim \u2013 Viljandi G\u00fcmnaasium<br>Julge hundi eripreemia Robert Kuusk \u2013 Tallinna 32. Keskkool<\/p>\n\n\n\n<p><strong>T\u00c4ISKASVANUD<\/strong><br>I koht Susanna Maria Koort \u2013 Haabneeme<br>II koht Maris M\u00e4gi \u2013 J\u00e4rvamaa, Kabala<br>III koht Brita Siimon \u2013 Tallinn<\/p>\n\n\n\n<p><strong>Koeru Keskkoooli eripreemia<\/strong>&nbsp;Markus Lehtsalu \u2013 Tallinna 32. Keskkool<br><strong>Raamatuklubi Vaimuvalgus eripreemia<\/strong>&nbsp;Kaidi-Ly V\u00e4lb \u2013 J\u00e4rvamaa, \u00d6\u00f6tla k\u00fcla<br><strong>Publiku lemmik<\/strong>&nbsp;Emily Bruus \u2013 Viimsi<\/p>\n\n\n\n<p>Luulev\u00f5istlust toetasid Eesti Kultuurkapital, J\u00e4rva vald ja Kalju Lepiku perekond.\n\n<\/p>\n","protected":false},"excerpt":{"rendered":"<p>17. Kalju Lepiku luulev\u00f5istlus 5. oktoobril 2019 Koerus Aruk\u00fcla m\u00f5isas Osalejaid 44 \u2013 p\u00f5hikool 14, g\u00fcmnaasium 20, t\u00e4iskasvanud 10 Luulev\u00f5istluse tulemused: \u017d\u00fcrii koosseisus Jaanus Vaiksoo, Kaur Riismaa, Gertu Borodkina, Tiina P\u00f5ldoja, Malle Last ja J\u00fcri Kaugerand andsid v\u00e4lja j\u00e4rgmised preemiad: &hellip; <a href=\"https:\/\/www.koeru.edu.ee\/kaljulepik\/ajalugu\/xvii-luulevoistlus-2019\/\">J\u00e4tka lugemist <span class=\"meta-nav\">&rarr;<\/span><\/a><\/p>\n","protected":false},"author":1,"featured_media":0,"parent":33,"menu_order":1,"comment_status":"closed","ping_status":"closed","template":"","meta":{"footnotes":""},"class_list":["post-1235","page","type-page","status-publish","hentry"],"_links":{"self":[{"href":"https:\/\/www.koeru.edu.ee\/kaljulepik\/wp-json\/wp\/v2\/pages\/1235","targetHints":{"allow":["GET"]}}],"collection":[{"href":"https:\/\/www.koeru.edu.ee\/kaljulepik\/wp-json\/wp\/v2\/pages"}],"about":[{"href":"https:\/\/www.koeru.edu.ee\/kaljulepik\/wp-json\/wp\/v2\/types\/page"}],"author":[{"embeddable":true,"href":"https:\/\/www.koeru.edu.ee\/kaljulepik\/wp-json\/wp\/v2\/users\/1"}],"replies":[{"embeddable":true,"href":"https:\/\/www.koeru.edu.ee\/kaljulepik\/wp-json\/wp\/v2\/comments?post=1235"}],"version-history":[{"count":2,"href":"https:\/\/www.koeru.edu.ee\/kaljulepik\/wp-json\/wp\/v2\/pages\/1235\/revisions"}],"predecessor-version":[{"id":1238,"href":"https:\/\/www.koeru.edu.ee\/kaljulepik\/wp-json\/wp\/v2\/pages\/1235\/revisions\/1238"}],"up":[{"embeddable":true,"href":"https:\/\/www.koeru.edu.ee\/kaljulepik\/wp-json\/wp\/v2\/pages\/33"}],"wp:attachment":[{"href":"https:\/\/www.koeru.edu.ee\/kaljulepik\/wp-json\/wp\/v2\/media?parent=1235"}],"curies":[{"name":"wp","href":"https:\/\/api.w.org\/{rel}","templated":true}]}}

XVII luulevõistlus (2019)

<p><strong>17. Kalju Lepiku luulevõistlus</strong> <br>5. oktoobril 2019 Koerus Aruküla mõisas </p>



<p>Osalejaid 44 – põhikool 14, gümnaasium 20, täiskasvanud 10</p>



<p>Luulevõistluse tulemused:</p>



<p>Žürii koosseisus Jaanus Vaiksoo, Kaur Riismaa, Gertu Borodkina, Tiina Põldoja, Malle Last ja Jüri Kaugerand andsid välja järgmised preemiad:</p>



<p><strong>PÕHIKOOL</strong><br>I koht Triinu Kree – Viljandi Kesklinna Kool<br>II koht Maris Koppel – Tallinna 32. Keskkool<br>III koht Bibi Loore Pilipenko – Väätsa Põhikool<br>Lepikliku luule eripreemia Mattias Võtti – Türi Põhikool<br>Sotsiaalse närvi eripreemia Iti-Kärt Nursi – Väätsa Põhikooli</p>



<p><strong>GÜMNAASIUM</strong><br>I koht Liisa Veski – Viimsi Gümnaasium<br>II koht Liisa Ikla – Viljandi Gümnaasium<br>III koht Kirke Tuul – Vanalinna Hariduskolleegium<br>Lepikliku luule eripreemia Kerttu Saagpakk – Tallinna 32. Keskkool<br>Saleda stroofi eripreemia Anette Pärn – Vanalinna Hariduskolleegium<br>Sotsiaalse närvi eripreemia Teele Siim – Viljandi Gümnaasium<br>Julge hundi eripreemia Robert Kuusk – Tallinna 32. Keskkool</p>



<p><strong>TÄISKASVANUD</strong><br>I koht Susanna Maria Koort – Haabneeme<br>II koht Maris Mägi – Järvamaa, Kabala<br>III koht Brita Siimon – Tallinn</p>



<p><strong>Koeru Keskkoooli eripreemia</strong>&nbsp;Markus Lehtsalu – Tallinna 32. Keskkool<br><strong>Raamatuklubi Vaimuvalgus eripreemia</strong>&nbsp;Kaidi-Ly Välb – Järvamaa, Öötla küla<br><strong>Publiku lemmik</strong>&nbsp;Emily Bruus – Viimsi</p>



<p>Luulevõistlust toetasid Eesti Kultuurkapital, Järva vald ja Kalju Lepiku perekond.

</p>

<p>17. Kalju Lepiku luulevõistlus 5. oktoobril 2019 Koerus Aruküla mõisas Osalejaid 44 – põhikool 14, gümnaasium 20, täiskasvanud 10 Luulevõistluse tulemused: Žürii koosseisus Jaanus Vaiksoo, Kaur Riismaa, Gertu Borodkina, Tiina Põldoja, Malle Last ja Jüri Kaugerand andsid välja järgmised preemiad: &hellip; <a href="https://www.koeru.edu.ee/kaljulepik/ajalugu/xvii-luulevoistlus-2019/">Jätka lugemist <span class="meta-nav">&rarr;</span></a></p>
