{"id":1325,"date":"2025-11-11T08:51:11","date_gmt":"2025-11-11T06:51:11","guid":{"rendered":"https:\/\/www.koeru.edu.ee\/kaljulepik\/?page_id=1325"},"modified":"2025-11-11T08:51:11","modified_gmt":"2025-11-11T06:51:11","slug":"xxii-kalju-lepiku-luulevoistlus-2024","status":"publish","type":"page","link":"http:\/\/www.koeru.edu.ee\/kaljulepik\/xxii-kalju-lepiku-luulevoistlus-2024\/","title":{"rendered":"XXII KALJU LEPIKU LUULEV\u00d5ISTLUS 2024"},"content":{"rendered":"\n<p>12. oktoobril kell 11 Aruk\u00fcla m\u00f5isas<\/p>\n\n\n\n<p>Kalju Lepiku luulev\u00f5istlus toimus juba 22st korda, traditsiooniliselt Koerus Aruk\u00fcla m\u00f5isa saalis.<\/p>\n\n\n\n<p>Kohale olid tulnud 24 v\u00f5istlejat kolmes vanuser\u00fchmas. P\u00e4ev oli p\u00e4ikseline, emotsionaalne ja r\u00f5\u00f5mus \u2013 oli suurep\u00e4rane luulepidu.<br><br>Z\u00fcrii koosseisus:<br><em>\u00d8YVIND RANG\u00d8Y \u2013 norra t\u00f5lkija ja luuletaja<\/em><br><em>JAANUS VAIKSOO \u2013 luuletaja, eesti kirjandusteadlane, \u00f5petaja ja lastekirjanik<\/em><br><em>JANE KIRISTAJA \u2013 J\u00e4rvamaa Keskraamatukogu direktor<\/em><br><em>JANNE PALU \u2013 Vodja Kooli eesti keele ja kirjanduse \u00f5petaja<\/em><br><em>K\u00dcLLIKI AASA \u2013 J\u00e4rvamaa rahvakultuurispetsialist<\/em><\/p>\n\n\n\n<p>\u017d\u00fcrii andis v\u00e4lja j\u00e4rgmised preemiad:<\/p>\n\n\n\n<p><strong>P\u00d5HIKOOL<a><\/a><\/strong><\/p>\n\n\n\n<p>I koht KEITI-LISANNE MAALMEISTER \u2013 Viljandi Kesklinna Kool, 8.b klass<\/p>\n\n\n\n<p>II koht ANDRA P\u00c4\u00c4R \u2013 T\u00fcri P\u00f5hikool, 6.c klass<br><br>III koht ANNABEL KINSIVER \u2013 T\u00fcri P\u00f5hikool, 5.b klass<br><br>Preemia ilmeka esituse eest HARIETTE-LIIS KUUS \u2013 R\u00f5ngu Keskkool, 6. klass \u00a0<\/p>\n\n\n\n<p>Preemia kodumaaluule vahetu ja siira esitamise eest EMILI TEESALU \u2013 T\u00fcri P\u00f5hikool, 8.b klass<\/p>\n\n\n\n<p><strong>G\u00dcMNAASIUM<\/strong><\/p>\n\n\n\n<p>I koht KERTU K\u00c4NDLA \u2013 Viljandi G\u00fcmnaasium, 12. klass<\/p>\n\n\n\n<p>II koht GUSTAV SELIRAND \u2013 Tallinna 32. Keskkool, 12.d klass III koht BIBI LOORE PILIPENKO&nbsp; &#8211; Paide G\u00fcmnaasium, 10. klass<\/p>\n\n\n\n<p>Koeru Apteegi preemia KEITI MARIA KIVIRAND \u2013 Tallinna 32. Keskkool, 12.b klass<\/p>\n\n\n\n<p>Eesti Rahvakultuuri Keskuse preemia suurep\u00e4rase argiasjade poeesia eest&nbsp; MARIA KALBUS \u2013 Tallinna 32. Keskkool 10.d klass<br>Koeru Keskkooli preemia ELERIIN SEPP \u2013 Miina H\u00e4rma G\u00fcmnaasium, 12. klass<\/p>\n\n\n\n<p><strong>T\u00c4ISKASVANUD<\/strong><\/p>\n\n\n\n<p>I koht TRIINU KREE &#8211; Tallinna Tervishoiu k\u00f5rgkool<\/p>\n\n\n\n<p>II koht GUNNAR HUNT \u2013 Viljandi \/ Tallinn<\/p>\n\n\n\n<p>III koht SILVER TEINBAS \u2013 Viljandi<\/p>\n\n\n\n<p>Koeru Apteegi preemia KAIRA K\u00c4\u00c4PA \u2013 Viljandi \/ Tartu<\/p>\n\n\n\n<p>Preemia sotsiaal-kriitilise luule eest \u00c4LI AGNES J\u00c4RVE<\/p>\n\n\n\n<p>Koeru Raamatukogu preemia ANU LAANSALU \u2013 Ambla<\/p>\n\n\n\n<p>Publiku lemmik 2024 GUNNAR HUNT \u2013 Viljandi \/ Tallinn<\/p>\n\n\n\n<p>Toetajad: J\u00e4rva vald, Eesti Kultuurkapitali J\u00e4rvamaa ekspertgrupp, Eesti Kultuurkapitali kirjanduse sihtkapital, perekond Lepik.<br>Korraldajad: Koeru Kultuurimaja, Koeru Keskkool, Koeru Raamatukogu.<\/p>\n","protected":false},"excerpt":{"rendered":"<p>12. oktoobril kell 11 Aruk\u00fcla m\u00f5isas Kalju Lepiku luulev\u00f5istlus toimus juba 22st korda, traditsiooniliselt Koerus Aruk\u00fcla m\u00f5isa saalis. Kohale olid tulnud 24 v\u00f5istlejat kolmes vanuser\u00fchmas. P\u00e4ev oli p\u00e4ikseline, emotsionaalne ja r\u00f5\u00f5mus \u2013 oli suurep\u00e4rane luulepidu. Z\u00fcrii koosseisus:\u00d8YVIND RANG\u00d8Y \u2013 norra &hellip; <a href=\"http:\/\/www.koeru.edu.ee\/kaljulepik\/xxii-kalju-lepiku-luulevoistlus-2024\/\">J\u00e4tka lugemist <span class=\"meta-nav\">&rarr;<\/span><\/a><\/p>\n","protected":false},"author":1,"featured_media":0,"parent":0,"menu_order":0,"comment_status":"closed","ping_status":"closed","template":"","meta":{"footnotes":""},"class_list":["post-1325","page","type-page","status-publish","hentry"],"_links":{"self":[{"href":"http:\/\/www.koeru.edu.ee\/kaljulepik\/wp-json\/wp\/v2\/pages\/1325","targetHints":{"allow":["GET"]}}],"collection":[{"href":"http:\/\/www.koeru.edu.ee\/kaljulepik\/wp-json\/wp\/v2\/pages"}],"about":[{"href":"http:\/\/www.koeru.edu.ee\/kaljulepik\/wp-json\/wp\/v2\/types\/page"}],"author":[{"embeddable":true,"href":"http:\/\/www.koeru.edu.ee\/kaljulepik\/wp-json\/wp\/v2\/users\/1"}],"replies":[{"embeddable":true,"href":"http:\/\/www.koeru.edu.ee\/kaljulepik\/wp-json\/wp\/v2\/comments?post=1325"}],"version-history":[{"count":1,"href":"http:\/\/www.koeru.edu.ee\/kaljulepik\/wp-json\/wp\/v2\/pages\/1325\/revisions"}],"predecessor-version":[{"id":1327,"href":"http:\/\/www.koeru.edu.ee\/kaljulepik\/wp-json\/wp\/v2\/pages\/1325\/revisions\/1327"}],"wp:attachment":[{"href":"http:\/\/www.koeru.edu.ee\/kaljulepik\/wp-json\/wp\/v2\/media?parent=1325"}],"curies":[{"name":"wp","href":"https:\/\/api.w.org\/{rel}","templated":true}]}}