{"id":1282,"date":"2022-09-12T13:38:27","date_gmt":"2022-09-12T10:38:27","guid":{"rendered":"https:\/\/www.koeru.edu.ee\/kaljulepik\/?page_id=1282"},"modified":"2022-09-12T13:43:16","modified_gmt":"2022-09-12T10:43:16","slug":"18-kalju-lepiku-luulevoistlus","status":"publish","type":"page","link":"http:\/\/www.koeru.edu.ee\/kaljulepik\/18-kalju-lepiku-luulevoistlus\/","title":{"rendered":"XVIII luulev\u00f5istlus (2020)"},"content":{"rendered":"\n10.10.2020 Koeru kultuurimajas\n\n\n\n<p>\u017d\u00fcrii koosseisus Jaanus Vaiksoo, Kristiina Ehin, Tiina P\u00f5ldoja, Janika Kronberg ja J\u00fcri<br>Kaugerand andsid v\u00e4lja j\u00e4rgmised preemiad:<\/p>\n\n\n\n<p>P\u00d5HIKOOL<br>I \u2013II koht Grete Leas &#8211; Audru Kool<br>I-II koht Kadi Mumme \u2013 Audru kool<br>III koht Evelin Mets \u2013 Audru Kool<br>Koeru apteegi preemia elujaatava luule eest Bibi Loore Pilipenko \u2013 V\u00e4\u00e4tsa P\u00f5hikool<\/p>\n\n\n\n<p>G\u00dcMNAASIUM<br>I koht Emma Lotta L\u00f5hmus \u2013 Gustav Adolfi G\u00fcmnaasium<br>II koht Liisa Veski \u2013 Viimsi G\u00fcmnaasium<br>III koht Elle Viive Tork \u2013 Tallinna 32. Keskkool<br>Koeru apteegi nooruse allika preemia Emili Kelle \u2013 Viimsi G\u00fcmnaasium<br>Eripreemia Reijo Roos \u2013 Tallinna 32. Keskkool<\/p>\n\n\n\n<p>T\u00c4ISKASVANUD<br>I koht Richard Sepaj\u00f5e \u2013 Laekvere<br>II koht Jaak K\u00e4nd \u2013 P\u00e4rnu<br>III koht Jan Mercurium &#8211; Tartu<br>Koeru apteegi puhta vee preemia Reena Roos \u2013 Tartu<br>Eripreemia vormipuhta luule eest Karin Aanja \u2013 Aruk\u00fcla<\/p>\n\n\n\n<p>Koeru raamatuklubi Vaimuvalgus preemia Jaan K\u00e4nd<br>Eesti Rahvakultuuri Keskuse preemia Liisa Veski \u2013Viimsi G\u00fcmnaasium<br>Koeru Keskkooli preemia Liisa Veski \u2013 Viimsi G\u00fcmnaasium<br>Publiku lemmik Daniel Nemer\u017eitski \u2013 Kadrioru Saksa G\u00fcmnaasium<\/p>\n\n\n\n<p>Luulev\u00f5istlust toetasid Eesti Kultuurkapitali J\u00e4rvamaa ekspertgrupp, J\u00e4rva vald ja Kalju<br>Lepiku perekond<\/p>\n","protected":false},"excerpt":{"rendered":"<p>10.10.2020 Koeru kultuurimajas \u017d\u00fcrii koosseisus Jaanus Vaiksoo, Kristiina Ehin, Tiina P\u00f5ldoja, Janika Kronberg ja J\u00fcriKaugerand andsid v\u00e4lja j\u00e4rgmised preemiad: P\u00d5HIKOOLI \u2013II koht Grete Leas &#8211; Audru KoolI-II koht Kadi Mumme \u2013 Audru koolIII koht Evelin Mets \u2013 Audru KoolKoeru apteegi &hellip; <a href=\"http:\/\/www.koeru.edu.ee\/kaljulepik\/18-kalju-lepiku-luulevoistlus\/\">J\u00e4tka lugemist <span class=\"meta-nav\">&rarr;<\/span><\/a><\/p>\n","protected":false},"author":1,"featured_media":0,"parent":0,"menu_order":0,"comment_status":"closed","ping_status":"closed","template":"","meta":{"footnotes":""},"class_list":["post-1282","page","type-page","status-publish","hentry"],"_links":{"self":[{"href":"http:\/\/www.koeru.edu.ee\/kaljulepik\/wp-json\/wp\/v2\/pages\/1282","targetHints":{"allow":["GET"]}}],"collection":[{"href":"http:\/\/www.koeru.edu.ee\/kaljulepik\/wp-json\/wp\/v2\/pages"}],"about":[{"href":"http:\/\/www.koeru.edu.ee\/kaljulepik\/wp-json\/wp\/v2\/types\/page"}],"author":[{"embeddable":true,"href":"http:\/\/www.koeru.edu.ee\/kaljulepik\/wp-json\/wp\/v2\/users\/1"}],"replies":[{"embeddable":true,"href":"http:\/\/www.koeru.edu.ee\/kaljulepik\/wp-json\/wp\/v2\/comments?post=1282"}],"version-history":[{"count":2,"href":"http:\/\/www.koeru.edu.ee\/kaljulepik\/wp-json\/wp\/v2\/pages\/1282\/revisions"}],"predecessor-version":[{"id":1286,"href":"http:\/\/www.koeru.edu.ee\/kaljulepik\/wp-json\/wp\/v2\/pages\/1282\/revisions\/1286"}],"wp:attachment":[{"href":"http:\/\/www.koeru.edu.ee\/kaljulepik\/wp-json\/wp\/v2\/media?parent=1282"}],"curies":[{"name":"wp","href":"https:\/\/api.w.org\/{rel}","templated":true}]}}

XVIII luulevõistlus (2020)

10.10.2020 Koeru kultuurimajas



<p>Žürii koosseisus Jaanus Vaiksoo, Kristiina Ehin, Tiina Põldoja, Janika Kronberg ja Jüri<br>Kaugerand andsid välja järgmised preemiad:</p>



<p>PÕHIKOOL<br>I –II koht Grete Leas &#8211; Audru Kool<br>I-II koht Kadi Mumme – Audru kool<br>III koht Evelin Mets – Audru Kool<br>Koeru apteegi preemia elujaatava luule eest Bibi Loore Pilipenko – Väätsa Põhikool</p>



<p>GÜMNAASIUM<br>I koht Emma Lotta Lõhmus – Gustav Adolfi Gümnaasium<br>II koht Liisa Veski – Viimsi Gümnaasium<br>III koht Elle Viive Tork – Tallinna 32. Keskkool<br>Koeru apteegi nooruse allika preemia Emili Kelle – Viimsi Gümnaasium<br>Eripreemia Reijo Roos – Tallinna 32. Keskkool</p>



<p>TÄISKASVANUD<br>I koht Richard Sepajõe – Laekvere<br>II koht Jaak Känd – Pärnu<br>III koht Jan Mercurium &#8211; Tartu<br>Koeru apteegi puhta vee preemia Reena Roos – Tartu<br>Eripreemia vormipuhta luule eest Karin Aanja – Aruküla</p>



<p>Koeru raamatuklubi Vaimuvalgus preemia Jaan Känd<br>Eesti Rahvakultuuri Keskuse preemia Liisa Veski –Viimsi Gümnaasium<br>Koeru Keskkooli preemia Liisa Veski – Viimsi Gümnaasium<br>Publiku lemmik Daniel Nemeržitski – Kadrioru Saksa Gümnaasium</p>



<p>Luulevõistlust toetasid Eesti Kultuurkapitali Järvamaa ekspertgrupp, Järva vald ja Kalju<br>Lepiku perekond</p>

<p>10.10.2020 Koeru kultuurimajas Žürii koosseisus Jaanus Vaiksoo, Kristiina Ehin, Tiina Põldoja, Janika Kronberg ja JüriKaugerand andsid välja järgmised preemiad: PÕHIKOOLI –II koht Grete Leas &#8211; Audru KoolI-II koht Kadi Mumme – Audru koolIII koht Evelin Mets – Audru KoolKoeru apteegi &hellip; <a href="http://www.koeru.edu.ee/kaljulepik/18-kalju-lepiku-luulevoistlus/">Jätka lugemist <span class="meta-nav">&rarr;</span></a></p>
