{"id":1219,"date":"2018-10-10T13:08:24","date_gmt":"2018-10-10T10:08:24","guid":{"rendered":"http:\/\/www.koeru.edu.ee\/kaljulepik\/?page_id=1219"},"modified":"2018-10-10T13:08:24","modified_gmt":"2018-10-10T10:08:24","slug":"xvi-luulevoistlus-2018","status":"publish","type":"page","link":"http:\/\/www.koeru.edu.ee\/kaljulepik\/ajalugu\/xvi-luulevoistlus-2018\/","title":{"rendered":"XVI Luulev\u00f5istlus (2018)"},"content":{"rendered":"<p><strong>16. KALJU LEPIKU LUULEV\u00d5ISTLUS<\/strong><\/p>\n<p>6. oktoobril 2018 Koerus Aruk\u00fcla m\u00f5isas<\/p>\n<p>Z\u00fcrii koosseisus <strong>Jaanus Vaiksoo, Leelo Tungal, Terje Truska, Janne Palu ja J\u00fcri Kaugerand<\/strong> andis v\u00e4lja j\u00e4rgmised preemiad:<\/p>\n<p><u>P\u00d5HIKOOL<\/u><\/p>\n<p>I koht EMMA LOTTA L\u00d5HMUS &#8211; Viimsi Kool<\/p>\n<p>II koht MATTIAS V\u00d5TTI &#8211; T\u00fcri P\u00f5hikool<\/p>\n<p>III koht LIISA VESKI &#8211; Viimsi Kool<\/p>\n<p>IV koht ja Koeru Apteegi eripreemia TRIINU KREE &#8211; Viljandi Kesklinna Kool<\/p>\n<p><u>G\u00dcMNAASIUM<\/u><\/p>\n<p>I koht REENA ROOS &#8211; N\u00f5o Reaalg\u00fcmnaasium<\/p>\n<p>II koht TEELE SIIM &#8211; Viljandi G\u00fcmnaasium<\/p>\n<p>III koht EMILY BRUUS &#8211; Viimsi Kool<\/p>\n<p>IV koht ja Koeru Apteegi eripreemia KARL-MATHIAS SAARSE &#8211; Tallinna 32. Keskkool<\/p>\n<p><u>\u00a0<\/u><\/p>\n<p><u>T\u00c4ISKASVANUD<\/u><\/p>\n<p>I koht MARIS M\u00c4GI &#8211; Kabala<\/p>\n<p>II koht KARIN AANJA &#8211; Aruk\u00fcla Raasiku vald<\/p>\n<p>III koht JAN MERCURIUM \/Taivo J\u00fcrjo\/ &#8211; Tartu<\/p>\n<p>IV koht ja Koeru Apteegi eripreemia HELDUR L\u00c4\u00c4NE \u2013 P\u00f5ltsamaa<\/p>\n<p>&nbsp;<\/p>\n<p><u>ERIPREEMIAD<\/u><\/p>\n<p>S\u00f5nam\u00e4ngulise luule eest HANNAH KALJUR &#8211; T\u00fcri P\u00f5hikool<\/p>\n<p>R\u00fctmitundliku luule eest MARKUS LEHTSALU &#8211; Tallinna 32. Keskkool<\/p>\n<p>Tugeva vormi tunnetuse eest NICOLAS LOTMAN &#8211; Tallinna Reaalkool<\/p>\n<p>Koeru Raamatukogu raamatuklubi Vaimuvalgus preemia MARIS M\u00c4GI<\/p>\n<p>Koeru Keskkooli eripreemia KARL-MATHIAS SAARSE<\/p>\n<p>Juhendaja eripreemia luuletajate j\u00e4relkasvu koolitamise eest EVA KALBUS<\/p>\n<p>Juhendaja eripreemia luuletajate j\u00e4relkasvu koolitamise eest AILI KIIN<\/p>\n<p>Publiku lemmik MARKUS LEHTSALU<\/p>\n<p>V\u00f5istlejaid kokku 40<\/p>\n<p>Luulev\u00f5istlust toetasid: Eesti Kultuurkapital, J\u00e4rva Vallavalitsus, Kalju Lepiku perekond, Koeru Haridus- ja Kultuuriselts<\/p>\n<p>Luulev\u00f5istlust korraldasid: Koeru Kultuurimaja, Koeru Keskkool, Koeru Raamatukogu ja raamatuklubi Vaimuvalgus<\/p>\n","protected":false},"excerpt":{"rendered":"<p>16. KALJU LEPIKU LUULEV\u00d5ISTLUS 6. oktoobril 2018 Koerus Aruk\u00fcla m\u00f5isas Z\u00fcrii koosseisus Jaanus Vaiksoo, Leelo Tungal, Terje Truska, Janne Palu ja J\u00fcri Kaugerand andis v\u00e4lja j\u00e4rgmised preemiad: P\u00d5HIKOOL I koht EMMA LOTTA L\u00d5HMUS &#8211; Viimsi Kool II koht MATTIAS V\u00d5TTI &hellip; <a href=\"http:\/\/www.koeru.edu.ee\/kaljulepik\/ajalugu\/xvi-luulevoistlus-2018\/\">J\u00e4tka lugemist <span class=\"meta-nav\">&rarr;<\/span><\/a><\/p>\n","protected":false},"author":1,"featured_media":0,"parent":33,"menu_order":0,"comment_status":"closed","ping_status":"closed","template":"","meta":{"footnotes":""},"class_list":["post-1219","page","type-page","status-publish","hentry"],"_links":{"self":[{"href":"http:\/\/www.koeru.edu.ee\/kaljulepik\/wp-json\/wp\/v2\/pages\/1219","targetHints":{"allow":["GET"]}}],"collection":[{"href":"http:\/\/www.koeru.edu.ee\/kaljulepik\/wp-json\/wp\/v2\/pages"}],"about":[{"href":"http:\/\/www.koeru.edu.ee\/kaljulepik\/wp-json\/wp\/v2\/types\/page"}],"author":[{"embeddable":true,"href":"http:\/\/www.koeru.edu.ee\/kaljulepik\/wp-json\/wp\/v2\/users\/1"}],"replies":[{"embeddable":true,"href":"http:\/\/www.koeru.edu.ee\/kaljulepik\/wp-json\/wp\/v2\/comments?post=1219"}],"version-history":[{"count":1,"href":"http:\/\/www.koeru.edu.ee\/kaljulepik\/wp-json\/wp\/v2\/pages\/1219\/revisions"}],"predecessor-version":[{"id":1220,"href":"http:\/\/www.koeru.edu.ee\/kaljulepik\/wp-json\/wp\/v2\/pages\/1219\/revisions\/1220"}],"up":[{"embeddable":true,"href":"http:\/\/www.koeru.edu.ee\/kaljulepik\/wp-json\/wp\/v2\/pages\/33"}],"wp:attachment":[{"href":"http:\/\/www.koeru.edu.ee\/kaljulepik\/wp-json\/wp\/v2\/media?parent=1219"}],"curies":[{"name":"wp","href":"https:\/\/api.w.org\/{rel}","templated":true}]}}

XVI Luulevõistlus (2018)

<p><strong>16. KALJU LEPIKU LUULEVÕISTLUS</strong></p>
<p>6. oktoobril 2018 Koerus Aruküla mõisas</p>
<p>Zürii koosseisus <strong>Jaanus Vaiksoo, Leelo Tungal, Terje Truska, Janne Palu ja Jüri Kaugerand</strong> andis välja järgmised preemiad:</p>
<p><u>PÕHIKOOL</u></p>
<p>I koht EMMA LOTTA LÕHMUS &#8211; Viimsi Kool</p>
<p>II koht MATTIAS VÕTTI &#8211; Türi Põhikool</p>
<p>III koht LIISA VESKI &#8211; Viimsi Kool</p>
<p>IV koht ja Koeru Apteegi eripreemia TRIINU KREE &#8211; Viljandi Kesklinna Kool</p>
<p><u>GÜMNAASIUM</u></p>
<p>I koht REENA ROOS &#8211; Nõo Reaalgümnaasium</p>
<p>II koht TEELE SIIM &#8211; Viljandi Gümnaasium</p>
<p>III koht EMILY BRUUS &#8211; Viimsi Kool</p>
<p>IV koht ja Koeru Apteegi eripreemia KARL-MATHIAS SAARSE &#8211; Tallinna 32. Keskkool</p>
<p><u> </u></p>
<p><u>TÄISKASVANUD</u></p>
<p>I koht MARIS MÄGI &#8211; Kabala</p>
<p>II koht KARIN AANJA &#8211; Aruküla Raasiku vald</p>
<p>III koht JAN MERCURIUM /Taivo Jürjo/ &#8211; Tartu</p>
<p>IV koht ja Koeru Apteegi eripreemia HELDUR LÄÄNE – Põltsamaa</p>
<p>&nbsp;</p>
<p><u>ERIPREEMIAD</u></p>
<p>Sõnamängulise luule eest HANNAH KALJUR &#8211; Türi Põhikool</p>
<p>Rütmitundliku luule eest MARKUS LEHTSALU &#8211; Tallinna 32. Keskkool</p>
<p>Tugeva vormi tunnetuse eest NICOLAS LOTMAN &#8211; Tallinna Reaalkool</p>
<p>Koeru Raamatukogu raamatuklubi Vaimuvalgus preemia MARIS MÄGI</p>
<p>Koeru Keskkooli eripreemia KARL-MATHIAS SAARSE</p>
<p>Juhendaja eripreemia luuletajate järelkasvu koolitamise eest EVA KALBUS</p>
<p>Juhendaja eripreemia luuletajate järelkasvu koolitamise eest AILI KIIN</p>
<p>Publiku lemmik MARKUS LEHTSALU</p>
<p>Võistlejaid kokku 40</p>
<p>Luulevõistlust toetasid: Eesti Kultuurkapital, Järva Vallavalitsus, Kalju Lepiku perekond, Koeru Haridus- ja Kultuuriselts</p>
<p>Luulevõistlust korraldasid: Koeru Kultuurimaja, Koeru Keskkool, Koeru Raamatukogu ja raamatuklubi Vaimuvalgus</p>

<p>16. KALJU LEPIKU LUULEVÕISTLUS 6. oktoobril 2018 Koerus Aruküla mõisas Zürii koosseisus Jaanus Vaiksoo, Leelo Tungal, Terje Truska, Janne Palu ja Jüri Kaugerand andis välja järgmised preemiad: PÕHIKOOL I koht EMMA LOTTA LÕHMUS &#8211; Viimsi Kool II koht MATTIAS VÕTTI &hellip; <a href="http://www.koeru.edu.ee/kaljulepik/ajalugu/xvi-luulevoistlus-2018/">Jätka lugemist <span class="meta-nav">&rarr;</span></a></p>
