{"id":1216,"date":"2018-10-10T12:59:15","date_gmt":"2018-10-10T09:59:15","guid":{"rendered":"http:\/\/www.koeru.edu.ee\/kaljulepik\/?page_id=1216"},"modified":"2018-10-10T12:59:15","modified_gmt":"2018-10-10T09:59:15","slug":"xv-luulevoistlus-2017","status":"publish","type":"page","link":"http:\/\/www.koeru.edu.ee\/kaljulepik\/ajalugu\/xv-luulevoistlus-2017\/","title":{"rendered":"XV Luulev\u00f5istlus (2017)"},"content":{"rendered":"<p><strong>XV Kalju Lepiku luulev\u00f5istluse tulemused 2017<\/strong><\/p>\n<ol start=\"7\">\n<li>oktoobril 2017<\/li>\n<\/ol>\n<p>\u017d\u00fcrii koosseisus: Jaanus Vaiksoo, Ilmar Trull, Hele Kriisa, Terje Truska, J\u00fcri Kaugerand \u00a0andsid v\u00e4lja j\u00e4rgmised preemiad:<\/p>\n<p><u>P\u00d5HIKOOL:<\/u><\/p>\n<p>I koht <strong>KARL-MATHIAS SAARSE<\/strong> T\u00fcri P\u00f5hikool, 9.a klass<\/p>\n<p>II koht <strong>MATTIAS V\u00d5TTI<\/strong>\u00a0 T\u00fcri p\u00f5hikool 7. kl<\/p>\n<p>III koht <strong>EVA-RIIN J\u00c4RVE<\/strong> Viimsi Keskkool<\/p>\n<p>Koeru apteegi eripreemia &#8211; <strong>MARI-LIIS TIGAVAS <\/strong>T\u00fcri P\u00f5hikooli\u00a0 9. kl<\/p>\n<p>Eripreemia &#8211; <strong>TRIIN SOO\u00c4\u00c4R<\/strong> T\u00fcri p\u00f5hikool 7. kl<\/p>\n<p><u>\u00a0<\/u><\/p>\n<p><u>G\u00dcMNAASIUM:<\/u><\/p>\n<p>I koht <strong>REENA ROOS<\/strong> N\u00f5o Reaalg\u00fcmnaasium 10.a kl<\/p>\n<p>II koht <strong>VERONIKA SADKEVIT\u0160<\/strong> Viljandi G\u00fcmnaasium<\/p>\n<p>III koht <strong>JANEK VAAB<\/strong> Tallinna 32. Keskkool, 12. kl<\/p>\n<p>Koeru apteegi eripreemia \u2013 <strong>GERMO TOONIKUS<\/strong> Tallinna 32. Keskkool, 11.d<\/p>\n<p><u>\u00a0<\/u><\/p>\n<p><u>T\u00c4ISKASVANUD:<\/u><\/p>\n<p>I koht <strong>MERILY POROVART<\/strong> Orissaare<\/p>\n<p>II koht <strong>TRIIN-TOOME HOSMAN<\/strong> T\u00fcri<\/p>\n<p>III koht <strong>TAIVO J\u00dcRJO<\/strong> Tartu<\/p>\n<p>Koeru apteegi eripreemia \u2013 <strong>KARIN ARRO <\/strong>Paide<\/p>\n<p>&nbsp;<\/p>\n<p>Eripreemiad:<\/p>\n<p>Rahva Raamatu preemia \u2013 <strong>INESSA SAARITS<\/strong> Viljandi G\u00fcmnaasium, 11.kl<\/p>\n<p>Isikup\u00e4rane esitus \u2013 <strong>HALDI V\u00c4LIM\u00c4E<\/strong> Viljandi G\u00fcmnaasiumis 11. kl<\/p>\n<p>K\u00f5ige lepikulikum luule \u2013 <strong>KARL-MATHIAS SAARSE<\/strong> T\u00fcri P\u00f5hikool, 9.a kl<\/p>\n<p>Koeru Keskkooli preemia \u2013 <strong>JANEK VAAB<\/strong> Tallinna 32. Keskkool, 12. kl<\/p>\n<p>Publiku lemmik \u2013 <strong>MERILY POROVART<\/strong> Orissaare<\/p>\n<p>Raamatuklubi Vaimuvalgus preemia \u2013 <strong>MERILY POROVART<\/strong> Orissaare<\/p>\n<p>&nbsp;<\/p>\n<p>V\u00f5istlejaid kokku 36<\/p>\n<p>Luulev\u00f5istlust toetasid: Eesti Kultuurkapital, Koeru Vallavalitsus, Kalju Lepiku perekond, Rahva Raamat, Koeru Haridus- ja Kultuuriselts, Jaanus Vaiksoo.<\/p>\n<p>Luulev\u00f5istlust korraldasid: Koeru Kultuurimaja, Koeru Keskkool, Koeru Raamatukogu ja raamatuklubi Vaimuvalgus, Koeru Haridus- ja Kultuuriselts.<\/p>\n","protected":false},"excerpt":{"rendered":"<p>XV Kalju Lepiku luulev\u00f5istluse tulemused 2017 oktoobril 2017 \u017d\u00fcrii koosseisus: Jaanus Vaiksoo, Ilmar Trull, Hele Kriisa, Terje Truska, J\u00fcri Kaugerand \u00a0andsid v\u00e4lja j\u00e4rgmised preemiad: P\u00d5HIKOOL: I koht KARL-MATHIAS SAARSE T\u00fcri P\u00f5hikool, 9.a klass II koht MATTIAS V\u00d5TTI\u00a0 T\u00fcri p\u00f5hikool 7. &hellip; <a href=\"http:\/\/www.koeru.edu.ee\/kaljulepik\/ajalugu\/xv-luulevoistlus-2017\/\">J\u00e4tka lugemist <span class=\"meta-nav\">&rarr;<\/span><\/a><\/p>\n","protected":false},"author":1,"featured_media":0,"parent":33,"menu_order":0,"comment_status":"closed","ping_status":"closed","template":"","meta":{"footnotes":""},"class_list":["post-1216","page","type-page","status-publish","hentry"],"_links":{"self":[{"href":"http:\/\/www.koeru.edu.ee\/kaljulepik\/wp-json\/wp\/v2\/pages\/1216","targetHints":{"allow":["GET"]}}],"collection":[{"href":"http:\/\/www.koeru.edu.ee\/kaljulepik\/wp-json\/wp\/v2\/pages"}],"about":[{"href":"http:\/\/www.koeru.edu.ee\/kaljulepik\/wp-json\/wp\/v2\/types\/page"}],"author":[{"embeddable":true,"href":"http:\/\/www.koeru.edu.ee\/kaljulepik\/wp-json\/wp\/v2\/users\/1"}],"replies":[{"embeddable":true,"href":"http:\/\/www.koeru.edu.ee\/kaljulepik\/wp-json\/wp\/v2\/comments?post=1216"}],"version-history":[{"count":1,"href":"http:\/\/www.koeru.edu.ee\/kaljulepik\/wp-json\/wp\/v2\/pages\/1216\/revisions"}],"predecessor-version":[{"id":1217,"href":"http:\/\/www.koeru.edu.ee\/kaljulepik\/wp-json\/wp\/v2\/pages\/1216\/revisions\/1217"}],"up":[{"embeddable":true,"href":"http:\/\/www.koeru.edu.ee\/kaljulepik\/wp-json\/wp\/v2\/pages\/33"}],"wp:attachment":[{"href":"http:\/\/www.koeru.edu.ee\/kaljulepik\/wp-json\/wp\/v2\/media?parent=1216"}],"curies":[{"name":"wp","href":"https:\/\/api.w.org\/{rel}","templated":true}]}}

XV Luulevõistlus (2017)

<p><strong>XV Kalju Lepiku luulevõistluse tulemused 2017</strong></p>
<ol start="7">
<li>oktoobril 2017</li>
</ol>
<p>Žürii koosseisus: Jaanus Vaiksoo, Ilmar Trull, Hele Kriisa, Terje Truska, Jüri Kaugerand  andsid välja järgmised preemiad:</p>
<p><u>PÕHIKOOL:</u></p>
<p>I koht <strong>KARL-MATHIAS SAARSE</strong> Türi Põhikool, 9.a klass</p>
<p>II koht <strong>MATTIAS VÕTTI</strong>  Türi põhikool 7. kl</p>
<p>III koht <strong>EVA-RIIN JÄRVE</strong> Viimsi Keskkool</p>
<p>Koeru apteegi eripreemia &#8211; <strong>MARI-LIIS TIGAVAS </strong>Türi Põhikooli  9. kl</p>
<p>Eripreemia &#8211; <strong>TRIIN SOOÄÄR</strong> Türi põhikool 7. kl</p>
<p><u> </u></p>
<p><u>GÜMNAASIUM:</u></p>
<p>I koht <strong>REENA ROOS</strong> Nõo Reaalgümnaasium 10.a kl</p>
<p>II koht <strong>VERONIKA SADKEVITŠ</strong> Viljandi Gümnaasium</p>
<p>III koht <strong>JANEK VAAB</strong> Tallinna 32. Keskkool, 12. kl</p>
<p>Koeru apteegi eripreemia – <strong>GERMO TOONIKUS</strong> Tallinna 32. Keskkool, 11.d</p>
<p><u> </u></p>
<p><u>TÄISKASVANUD:</u></p>
<p>I koht <strong>MERILY POROVART</strong> Orissaare</p>
<p>II koht <strong>TRIIN-TOOME HOSMAN</strong> Türi</p>
<p>III koht <strong>TAIVO JÜRJO</strong> Tartu</p>
<p>Koeru apteegi eripreemia – <strong>KARIN ARRO </strong>Paide</p>
<p>&nbsp;</p>
<p>Eripreemiad:</p>
<p>Rahva Raamatu preemia – <strong>INESSA SAARITS</strong> Viljandi Gümnaasium, 11.kl</p>
<p>Isikupärane esitus – <strong>HALDI VÄLIMÄE</strong> Viljandi Gümnaasiumis 11. kl</p>
<p>Kõige lepikulikum luule – <strong>KARL-MATHIAS SAARSE</strong> Türi Põhikool, 9.a kl</p>
<p>Koeru Keskkooli preemia – <strong>JANEK VAAB</strong> Tallinna 32. Keskkool, 12. kl</p>
<p>Publiku lemmik – <strong>MERILY POROVART</strong> Orissaare</p>
<p>Raamatuklubi Vaimuvalgus preemia – <strong>MERILY POROVART</strong> Orissaare</p>
<p>&nbsp;</p>
<p>Võistlejaid kokku 36</p>
<p>Luulevõistlust toetasid: Eesti Kultuurkapital, Koeru Vallavalitsus, Kalju Lepiku perekond, Rahva Raamat, Koeru Haridus- ja Kultuuriselts, Jaanus Vaiksoo.</p>
<p>Luulevõistlust korraldasid: Koeru Kultuurimaja, Koeru Keskkool, Koeru Raamatukogu ja raamatuklubi Vaimuvalgus, Koeru Haridus- ja Kultuuriselts.</p>

<p>XV Kalju Lepiku luulevõistluse tulemused 2017 oktoobril 2017 Žürii koosseisus: Jaanus Vaiksoo, Ilmar Trull, Hele Kriisa, Terje Truska, Jüri Kaugerand  andsid välja järgmised preemiad: PÕHIKOOL: I koht KARL-MATHIAS SAARSE Türi Põhikool, 9.a klass II koht MATTIAS VÕTTI  Türi põhikool 7. &hellip; <a href="http://www.koeru.edu.ee/kaljulepik/ajalugu/xv-luulevoistlus-2017/">Jätka lugemist <span class="meta-nav">&rarr;</span></a></p>
