{"id":1197,"date":"2017-11-13T10:39:53","date_gmt":"2017-11-13T08:39:53","guid":{"rendered":"http:\/\/www.koeru.edu.ee\/kaljulepik\/?page_id=1197"},"modified":"2018-10-10T12:57:08","modified_gmt":"2018-10-10T09:57:08","slug":"xiv","status":"publish","type":"page","link":"http:\/\/www.koeru.edu.ee\/kaljulepik\/ajalugu\/xiv\/","title":{"rendered":"XIV luulev\u00f5istlus (2016)"},"content":{"rendered":"<p style=\"text-align: center;\"><strong> 14. Kalju Lepiku luulev\u00f5istluse tulemused <\/strong><\/p>\n<ol start=\"14\">\n<li>oktoober 2016 Aruk\u00fcla m\u00f5isas<\/li>\n<\/ol>\n<p>Z\u00fcrii koosseisus:<\/p>\n<p><strong>Jaanus Vaiksoo, Jaan Pehk, Janne Palu, Terje Truska ja Hannes Tomingas<\/strong> andsid v\u00e4lja j\u00e4rgmised preemiad:<\/p>\n<p><u>P\u00f5hikool<\/u><\/p>\n<p>I koht <strong>ALICE VEEDLA<\/strong>\u00a0 Tallinna 32. Keskkool, 9.b klass<\/p>\n<p>II koht <strong>MIA MARIE RANDARU<\/strong> Tartu Mart Reiniku Kool, 9. klass<\/p>\n<p>III koht <strong>GERDA-LIIS NURMJ\u00d5E<\/strong> Tallinna 32. Keskkool, 9.b klass<\/p>\n<p>&nbsp;<\/p>\n<p><u>G\u00fcmnaasium<\/u><\/p>\n<p>I koht <strong>KIRKE M\u00c4NNIK<\/strong> Tallinna 32. Keskkool, 10. klass<\/p>\n<p>II koht <strong>HALDI V\u00c4LIM\u00c4E<\/strong> Viljandi G\u00fcmnaasium, 10. klass<\/p>\n<p>III koht <strong>NORA ROOSIM\u00d6LDER<\/strong> Tallinna Vanalinna Hariduskollegium, 11. klass<\/p>\n<p>III koht <strong>ADELIINA-LISETTE LEPP<\/strong> Viljandi G\u00fcmnaasium, 12. klass<\/p>\n<p>&nbsp;<\/p>\n<p><u>T\u00e4iskasvanud<\/u><\/p>\n<p>I koht <strong>TRIIN TOOME-HOSMAN<\/strong> T\u00fcri \u00dchisg\u00fcmnaasiumi ja Vodja Kooli emakeele\u00f5petaja<\/p>\n<p>II koht <strong>ANNE TAMMARU <\/strong>Kehra G\u00fcmnaasiumi emakeele\u00f5petaja<\/p>\n<p>&nbsp;<\/p>\n<p><u>Esipreemiad:<\/u><\/p>\n<p>Miljoni m\u00f5tte v\u00e4ljapaistva esituse eest &#8211; <strong>LINDA LIIS ARPO<\/strong> Tallinna \u00dchisg\u00fcmnaasium, 11.a klass<\/p>\n<p>N\u00e4itlejameisterlikkuse eest &#8211; <strong>LIINE PALU<\/strong> Viljandi G\u00fcmnaasium, 10. klass<\/p>\n<p>Eripreemia Lepikliku luule eest<strong> &#8211; KRISTIN PRITS<\/strong><\/p>\n<p>J\u00e4rvamaa M\u00f5isakoolide \u00dchingu eripreemia &#8211; <strong>ANDRI SUGA<\/strong><\/p>\n<p>Juhendaja eripreemia luuletajate j\u00e4relkasvu koolitamise eest &#8211; <strong>AILI KIIN <\/strong><\/p>\n<p>Koeru Keskkooli eripreemia<strong> &#8211; LINDA LIIS ARPO<\/strong><\/p>\n<p>Koeru Kultuurimaja eripreemia<strong> &#8211; ANDRI SUGA<\/strong><\/p>\n<p>Publiku eripreemia &#8211; <strong>ADELIINA-LISETTE LEPP, HALDI V\u00c4LIM\u00c4E <\/strong><\/p>\n<p><strong>ANNE TAMMARU<\/strong> \u2013 Koeru Raamatuklubi Vaimuvalgus eripreemia<\/p>\n<p>&nbsp;<\/p>\n<p>Luulev\u00f5istlust toetasid:<\/p>\n<p>Eesti Kultuurkapital, Koeru Vallavalitsus, Kalju Lepiku perekond, Rahva Raamat, Jaan Pehk, Koeru Haridus- ja Kultuuriselts<\/p>\n<p>Luulev\u00f5istlust korraldasid:<\/p>\n<p>Koeru Kultuurimaja, Koeru Keskkool, Koeru Muusikakool, Koeru Raamatukogu ja raamatuklubi Vaimuvalgus<\/p>\n","protected":false},"excerpt":{"rendered":"<p>14. Kalju Lepiku luulev\u00f5istluse tulemused oktoober 2016 Aruk\u00fcla m\u00f5isas Z\u00fcrii koosseisus: Jaanus Vaiksoo, Jaan Pehk, Janne Palu, Terje Truska ja Hannes Tomingas andsid v\u00e4lja j\u00e4rgmised preemiad: P\u00f5hikool I koht ALICE VEEDLA\u00a0 Tallinna 32. Keskkool, 9.b klass II koht MIA MARIE &hellip; <a href=\"http:\/\/www.koeru.edu.ee\/kaljulepik\/ajalugu\/xiv\/\">J\u00e4tka lugemist <span class=\"meta-nav\">&rarr;<\/span><\/a><\/p>\n","protected":false},"author":1,"featured_media":0,"parent":33,"menu_order":0,"comment_status":"closed","ping_status":"closed","template":"","meta":{"footnotes":""},"class_list":["post-1197","page","type-page","status-publish","hentry"],"_links":{"self":[{"href":"http:\/\/www.koeru.edu.ee\/kaljulepik\/wp-json\/wp\/v2\/pages\/1197","targetHints":{"allow":["GET"]}}],"collection":[{"href":"http:\/\/www.koeru.edu.ee\/kaljulepik\/wp-json\/wp\/v2\/pages"}],"about":[{"href":"http:\/\/www.koeru.edu.ee\/kaljulepik\/wp-json\/wp\/v2\/types\/page"}],"author":[{"embeddable":true,"href":"http:\/\/www.koeru.edu.ee\/kaljulepik\/wp-json\/wp\/v2\/users\/1"}],"replies":[{"embeddable":true,"href":"http:\/\/www.koeru.edu.ee\/kaljulepik\/wp-json\/wp\/v2\/comments?post=1197"}],"version-history":[{"count":5,"href":"http:\/\/www.koeru.edu.ee\/kaljulepik\/wp-json\/wp\/v2\/pages\/1197\/revisions"}],"predecessor-version":[{"id":1215,"href":"http:\/\/www.koeru.edu.ee\/kaljulepik\/wp-json\/wp\/v2\/pages\/1197\/revisions\/1215"}],"up":[{"embeddable":true,"href":"http:\/\/www.koeru.edu.ee\/kaljulepik\/wp-json\/wp\/v2\/pages\/33"}],"wp:attachment":[{"href":"http:\/\/www.koeru.edu.ee\/kaljulepik\/wp-json\/wp\/v2\/media?parent=1197"}],"curies":[{"name":"wp","href":"https:\/\/api.w.org\/{rel}","templated":true}]}}